{"id":17,"date":"2017-06-13T09:04:58","date_gmt":"2017-06-13T12:04:58","guid":{"rendered":"http:\/\/localhost\/transparencia\/?page_id=17"},"modified":"2022-01-13T13:07:23","modified_gmt":"2022-01-13T16:07:23","slug":"17-2","status":"publish","type":"page","link":"https:\/\/corecon-am50anos.com.br\/transparencia\/","title":{"rendered":""},"content":{"rendered":"<p class=\"padro\" style=\"text-align: justify; background: white; margin: 0cm 0cm 10.0pt 0cm;\">Bem-vindo ao Portal da Transpar\u00eancia e Presta\u00e7\u00f5es de Contas, uma ferramenta que permite ao p\u00fablico acessar as informa\u00e7\u00f5es de forma r\u00e1pida e cont\u00ednua.<\/p>\n<p class=\"padro\" style=\"text-align: justify; background: white; margin: 0cm 0cm 10.0pt 0cm;\">As informa\u00e7\u00f5es do Portal t\u00eam como objetivo atender a\u00a0Lei n\u00ba 12.527, de 18 de novembro de 2011, que regula o acesso a informa\u00e7\u00f5es previsto no inciso XXXIII do art. 5\u00ba, no inciso II do \u00a7 3\u00ba do art. 37 e no \u00a7 2\u00ba do art. 216 da Constitui\u00e7\u00e3o Federal; altera a Lei n\u00ba 8.112, de 11 de dezembro de 1990; revoga a Lei n\u00ba 11.111, de 5 de maio de 2005, e dispositivos da Lei n\u00ba 8.159, de 8 de janeiro de 1991; e d\u00e1 outras provid\u00eancias.<\/p>\n<p class=\"padro\" style=\"text-align: justify; background: white; margin: 0cm 0cm 12.0pt 0cm;\">Para facilitar o acesso, as informa\u00e7\u00f5es est\u00e3o organizadas por ano e m\u00eas e disponibilizadas em formato fechado (PDF).<\/p>\n","protected":false},"excerpt":{"rendered":"<p>Bem-vindo ao Portal da Transpar\u00eancia e Presta\u00e7\u00f5es de Contas, uma ferramenta que permite ao p\u00fablico acessar as informa\u00e7\u00f5es de forma r\u00e1pida e cont\u00ednua. As informa\u00e7\u00f5es do Portal t\u00eam como objetivo atender a\u00a0Lei n\u00ba 12.527, de 18 de novembro de 2011, que regula o acesso a informa\u00e7\u00f5es previsto no inciso XXXIII do art. 5\u00ba, no inciso &hellip; <a href=\"https:\/\/corecon-am50anos.com.br\/transparencia\/\" class=\"more-link\">Continue reading <span class=\"screen-reader-text\"><\/span><\/a><\/p>\n","protected":false},"author":1,"featured_media":0,"parent":0,"menu_order":0,"comment_status":"closed","ping_status":"closed","template":"","meta":[],"_links":{"self":[{"href":"https:\/\/corecon-am50anos.com.br\/transparencia\/wp-json\/wp\/v2\/pages\/17"}],"collection":[{"href":"https:\/\/corecon-am50anos.com.br\/transparencia\/wp-json\/wp\/v2\/pages"}],"about":[{"href":"https:\/\/corecon-am50anos.com.br\/transparencia\/wp-json\/wp\/v2\/types\/page"}],"author":[{"embeddable":true,"href":"https:\/\/corecon-am50anos.com.br\/transparencia\/wp-json\/wp\/v2\/users\/1"}],"replies":[{"embeddable":true,"href":"https:\/\/corecon-am50anos.com.br\/transparencia\/wp-json\/wp\/v2\/comments?post=17"}],"version-history":[{"count":4,"href":"https:\/\/corecon-am50anos.com.br\/transparencia\/wp-json\/wp\/v2\/pages\/17\/revisions"}],"predecessor-version":[{"id":1127,"href":"https:\/\/corecon-am50anos.com.br\/transparencia\/wp-json\/wp\/v2\/pages\/17\/revisions\/1127"}],"wp:attachment":[{"href":"https:\/\/corecon-am50anos.com.br\/transparencia\/wp-json\/wp\/v2\/media?parent=17"}],"curies":[{"name":"wp","href":"https:\/\/api.w.org\/{rel}","templated":true}]}}