{"id":60,"date":"2021-10-10T19:23:57","date_gmt":"2021-10-10T22:23:57","guid":{"rendered":"https:\/\/corecon-am50anos.com.br\/transparencia\/?page_id=60"},"modified":"2023-11-17T10:25:56","modified_gmt":"2023-11-17T12:25:56","slug":"orcamentos","status":"publish","type":"page","link":"https:\/\/corecon-am50anos.com.br\/transparencia\/orcamentos\/","title":{"rendered":"Or\u00e7amentos"},"content":{"rendered":"<p><strong>2023<\/strong><\/p>\n<p>Proposta Or\u00e7ament\u00e1ria<\/p>\n<p><a href=\"https:\/\/corecon-am50anos.com.br\/transparencia\/wp-content\/uploads\/2023\/03\/Proposta-Or\u00e7ament\u00e1ria-2023.pdf\">Proposta Or\u00e7ament\u00e1ria 2023<\/a><\/p>\n<p>1\u00aa Reformula\u00e7\u00e3o da Proposta Or\u00e7ament\u00e1ria de 2023<\/p>\n<p><a href=\"https:\/\/corecon-am50anos.com.br\/transparencia\/wp-content\/uploads\/2023\/11\/1a-Reformulacao-Orcamentaria-2023.pdf\" target=\"_blank\" rel=\"noopener\">https:\/\/corecon-am50anos.com.br\/transparencia\/wp-content\/uploads\/2023\/11\/1a-Reformulacao-Orcamentaria-2023.pdf<\/a><\/p>\n<p><a href=\"https:\/\/corecon-am50anos.com.br\/transparencia\/wp-content\/uploads\/2023\/11\/Resumo-da-1a-Reformulacao-Orcamentaria-2023.pdf\" target=\"_blank\" rel=\"noopener\">https:\/\/corecon-am50anos.com.br\/transparencia\/wp-content\/uploads\/2023\/11\/Resumo-da-1a-Reformulacao-Orcamentaria-2023.pdf<\/a><\/p>\n<p><strong>2022<\/strong><br \/>\nProposta Or\u00e7ament\u00e1ria<\/p>\n<p><a href=\"https:\/\/corecon-am50anos.com.br\/transparencia\/wp-content\/uploads\/2022\/05\/01-Proposta-Or\u00e7ament\u00e1ria-2022.pdf\">01 &#8211; Proposta Or\u00e7ament\u00e1ria 2022<\/a><\/p>\n<p><strong>2021<\/strong><br \/>\nProposta Or\u00e7ament\u00e1ria<br \/>\n<a href=\"https:\/\/corecon-am50anos.com.br\/transparencia\/wp-content\/uploads\/2021\/10\/01-Relatorio-da-Proposta-Or\u00e7ament\u00e1ria-2021.pdf\">01 &#8211; Relatorio da Proposta Or\u00e7ament\u00e1ria 2021<\/a><\/p>\n<p>Reformula\u00e7\u00e3o Or\u00e7ament\u00e1ria<br \/>\n<a href=\"https:\/\/corecon-am50anos.com.br\/transparencia\/wp-content\/uploads\/2021\/11\/1\u00aa-Reformula\u00e7\u00e3o-Or\u00e7ament\u00e1ria-2021.pdf\">1\u00aa Reformula\u00e7\u00e3o Or\u00e7ament\u00e1ria &#8211; 2021<\/a><br \/>\n<a href=\"https:\/\/corecon-am50anos.com.br\/transparencia\/wp-content\/uploads\/2021\/11\/2\u00aa-Reformula\u00e7\u00e3o-Or\u00e7ament\u00e1ria-2021.pdf\">2\u00aa Reformula\u00e7\u00e3o Or\u00e7ament\u00e1ria &#8211; 2021<\/a><\/p>\n<p><strong>2020<\/strong><br \/>\nProposta Or\u00e7ament\u00e1ria<br \/>\n<a href=\"https:\/\/corecon-am50anos.com.br\/transparencia\/wp-content\/uploads\/2021\/10\/01-Proposta-Or\u00e7ament\u00e1ria-Exerc\u00edcio-2020.pdf\">01 &#8211; Proposta Or\u00e7ament\u00e1ria Exerc\u00edcio 2020<\/a><\/p>\n<p><strong>2019<\/strong><br \/>\nProposta Or\u00e7ament\u00e1ria<br \/>\n<a href=\"https:\/\/corecon-am50anos.com.br\/transparencia\/wp-content\/uploads\/2021\/10\/01-Proposta-Or\u00e7ament\u00e1ria-Exerc\u00edcio-2019.pdf\">01 &#8211; Proposta Or\u00e7ament\u00e1ria Exerc\u00edcio 2019<\/a><\/p>\n<p><strong>2018<\/strong><br \/>\nProposta Or\u00e7ament\u00e1ria<br \/>\n<a href=\"https:\/\/corecon-am50anos.com.br\/transparencia\/wp-content\/uploads\/2021\/10\/01-Proposta-Or\u00e7ament\u00e1ria-Exerc\u00edcio-2018.pdf\">01 &#8211; Proposta Or\u00e7ament\u00e1ria Exerc\u00edcio 2018<\/a><\/p>\n<p><strong>2017<\/strong><br \/>\nProposta Or\u00e7ament\u00e1ria<br \/>\n<a href=\"https:\/\/corecon-am50anos.com.br\/transparencia\/wp-content\/uploads\/2021\/10\/01-Proposta-Or\u00e7ament\u00e1ria-Exerc\u00edcio-2017.pdf\">01 &#8211; Proposta Or\u00e7ament\u00e1ria Exerc\u00edcio 2017<\/a><\/p>\n<p><strong>2016<\/strong><br \/>\nProposta Or\u00e7ament\u00e1ria<br \/>\n<a href=\"https:\/\/corecon-am50anos.com.br\/transparencia\/wp-content\/uploads\/2021\/10\/01-Proposta-Or\u00e7ament\u00e1ria-Exerc\u00edcio-2016.pdf\">01- Proposta Or\u00e7ament\u00e1ria Exerc\u00edcio 2016<\/a><\/p>\n<p><strong>2015<\/strong><br \/>\nProposta Or\u00e7ament\u00e1ria<br \/>\n<a href=\"https:\/\/corecon-am50anos.com.br\/transparencia\/wp-content\/uploads\/2021\/10\/01-Proposta-Or\u00e7ament\u00e1ria-Exerc\u00edcio-2015.pdf\">01 &#8211; Proposta Or\u00e7ament\u00e1ria Exerc\u00edcio 2015<\/a><\/p>\n<p><strong>2014<\/strong><br \/>\nProposta Or\u00e7ament\u00e1ria<br \/>\n<a href=\"https:\/\/corecon-am50anos.com.br\/transparencia\/wp-content\/uploads\/2021\/10\/01-Proposta-Or\u00e7ament\u00e1ria-Exerc\u00edcio-2014.pdf\">01 &#8211; Proposta Or\u00e7ament\u00e1ria Exerc\u00edcio 2014<\/a><\/p>\n<p><strong>2013<\/strong><br \/>\nProposta Or\u00e7ament\u00e1ria<br \/>\n<a href=\"https:\/\/corecon-am50anos.com.br\/transparencia\/wp-content\/uploads\/2021\/10\/01-Proposta-Or\u00e7ament\u00e1ria-Exerc\u00edcio-2013.pdf\">01 &#8211; Proposta Or\u00e7ament\u00e1ria Exerc\u00edcio 2013<\/a><\/p>\n","protected":false},"excerpt":{"rendered":"<p>2023 Proposta Or\u00e7ament\u00e1ria Proposta Or\u00e7ament\u00e1ria 2023 1\u00aa Reformula\u00e7\u00e3o da Proposta Or\u00e7ament\u00e1ria de 2023 https:\/\/corecon-am50anos.com.br\/transparencia\/wp-content\/uploads\/2023\/11\/1a-Reformulacao-Orcamentaria-2023.pdf https:\/\/corecon-am50anos.com.br\/transparencia\/wp-content\/uploads\/2023\/11\/Resumo-da-1a-Reformulacao-Orcamentaria-2023.pdf 2022 Proposta Or\u00e7ament\u00e1ria 01 &#8211; Proposta Or\u00e7ament\u00e1ria 2022 2021 Proposta Or\u00e7ament\u00e1ria 01 &#8211; Relatorio da Proposta Or\u00e7ament\u00e1ria 2021 Reformula\u00e7\u00e3o Or\u00e7ament\u00e1ria 1\u00aa Reformula\u00e7\u00e3o Or\u00e7ament\u00e1ria &#8211; 2021 2\u00aa Reformula\u00e7\u00e3o Or\u00e7ament\u00e1ria &#8211; 2021 2020 Proposta Or\u00e7ament\u00e1ria 01 &#8211; Proposta Or\u00e7ament\u00e1ria Exerc\u00edcio 2020 2019 &hellip; <a href=\"https:\/\/corecon-am50anos.com.br\/transparencia\/orcamentos\/\" class=\"more-link\">Continue reading <span class=\"screen-reader-text\">Or\u00e7amentos<\/span><\/a><\/p>\n","protected":false},"author":1,"featured_media":0,"parent":0,"menu_order":0,"comment_status":"closed","ping_status":"closed","template":"","meta":[],"_links":{"self":[{"href":"https:\/\/corecon-am50anos.com.br\/transparencia\/wp-json\/wp\/v2\/pages\/60"}],"collection":[{"href":"https:\/\/corecon-am50anos.com.br\/transparencia\/wp-json\/wp\/v2\/pages"}],"about":[{"href":"https:\/\/corecon-am50anos.com.br\/transparencia\/wp-json\/wp\/v2\/types\/page"}],"author":[{"embeddable":true,"href":"https:\/\/corecon-am50anos.com.br\/transparencia\/wp-json\/wp\/v2\/users\/1"}],"replies":[{"embeddable":true,"href":"https:\/\/corecon-am50anos.com.br\/transparencia\/wp-json\/wp\/v2\/comments?post=60"}],"version-history":[{"count":16,"href":"https:\/\/corecon-am50anos.com.br\/transparencia\/wp-json\/wp\/v2\/pages\/60\/revisions"}],"predecessor-version":[{"id":1732,"href":"https:\/\/corecon-am50anos.com.br\/transparencia\/wp-json\/wp\/v2\/pages\/60\/revisions\/1732"}],"wp:attachment":[{"href":"https:\/\/corecon-am50anos.com.br\/transparencia\/wp-json\/wp\/v2\/media?parent=60"}],"curies":[{"name":"wp","href":"https:\/\/api.w.org\/{rel}","templated":true}]}}