{"id":92,"date":"2021-10-10T20:00:11","date_gmt":"2021-10-10T23:00:11","guid":{"rendered":"https:\/\/corecon-am50anos.com.br\/transparencia\/?page_id=92"},"modified":"2022-07-26T10:49:39","modified_gmt":"2022-07-26T13:49:39","slug":"planejamento-estrategico","status":"publish","type":"page","link":"https:\/\/corecon-am50anos.com.br\/transparencia\/planejamento-estrategico\/","title":{"rendered":"Planejamento Estrat\u00e9gico"},"content":{"rendered":"<p>N\u00e3o h\u00e1 Planejamento Estrat\u00e9gico dispon\u00edvel.<\/p>\n","protected":false},"excerpt":{"rendered":"<p>N\u00e3o h\u00e1 Planejamento Estrat\u00e9gico dispon\u00edvel.<\/p>\n","protected":false},"author":1,"featured_media":0,"parent":0,"menu_order":0,"comment_status":"closed","ping_status":"closed","template":"","meta":[],"_links":{"self":[{"href":"https:\/\/corecon-am50anos.com.br\/transparencia\/wp-json\/wp\/v2\/pages\/92"}],"collection":[{"href":"https:\/\/corecon-am50anos.com.br\/transparencia\/wp-json\/wp\/v2\/pages"}],"about":[{"href":"https:\/\/corecon-am50anos.com.br\/transparencia\/wp-json\/wp\/v2\/types\/page"}],"author":[{"embeddable":true,"href":"https:\/\/corecon-am50anos.com.br\/transparencia\/wp-json\/wp\/v2\/users\/1"}],"replies":[{"embeddable":true,"href":"https:\/\/corecon-am50anos.com.br\/transparencia\/wp-json\/wp\/v2\/comments?post=92"}],"version-history":[{"count":2,"href":"https:\/\/corecon-am50anos.com.br\/transparencia\/wp-json\/wp\/v2\/pages\/92\/revisions"}],"predecessor-version":[{"id":1343,"href":"https:\/\/corecon-am50anos.com.br\/transparencia\/wp-json\/wp\/v2\/pages\/92\/revisions\/1343"}],"wp:attachment":[{"href":"https:\/\/corecon-am50anos.com.br\/transparencia\/wp-json\/wp\/v2\/media?parent=92"}],"curies":[{"name":"wp","href":"https:\/\/api.w.org\/{rel}","templated":true}]}}